{"id":4233,"date":"2023-12-04T13:53:51","date_gmt":"2023-12-04T13:53:51","guid":{"rendered":"https:\/\/www.weshareenergy.lu\/base-legale\/"},"modified":"2025-08-12T11:07:36","modified_gmt":"2025-08-12T11:07:36","slug":"base-legale","status":"publish","type":"page","link":"https:\/\/www.weshareenergy.lu\/en\/base-legale\/","title":{"rendered":"Legal basis"},"content":{"rendered":"<section class=\"bloc-pg-contenu is-inset-top-60 is-inset-bottom-60 is-inset-top-12-mobile is-inset-bottom-24-mobile bloc-relative\">\n    <div class=\"row top-xs \">\n        <div class=\"col-xs-10 col-xs-offset-1 col-md-offset-0   col-md-4  is-inset-bottom-24-mobile reveal reveal-visible-1\">\n            <div class=\"bloc-pg-contenu-visuel\">\n                                    <img decoding=\"async\" src=\"https:\/\/www.weshareenergy.lu\/wp-content\/uploads\/2023\/08\/graph-page-demarches-administratives-1.svg\" alt=\"\">\n                                    <\/div>\n                <div class=\"bg-grey-top\"><\/div>\n        <\/div>\n        \n        <div class=\"col-xs-12 col-md-8 zindex1 reveal reveal-visible-1 up\">\n                        <h1 class=\"bloc-pg-contenu-title\">Legal basis<\/h1>            <p class=\"bloc-pg-contenu-sstitle\">Anyone who has a solar installation on their roof can share their electricity with other people<\/p>   \n                        <div class=\"bloc-pg-contenu-text\"><p>With the entry into force of the Law <a href=\"https:\/\/legilux.public.lu\/eli\/etat\/leg\/loi\/2023\/06\/09\/a288\/jo\" target=\"_blank\" rel=\"noopener\">( Loi du 9 juin 2023 modifiant la Loi du 1er ao\u00fbt 2007 relative \u00e0 l\u2019organisation du march\u00e9 de l\u2019\u00e9lectricit\u00e9 )<\/a>, owners of electricity production plants can now decide not to inject their excess electrical energy directly into the electricity distribution grid, but rather to enter a \u201cSharing group\u201d and share their electricity with others, i.e. with immediate neighbours or with people who live further away.<\/p>\n<\/div>                            <button class=\"box-toggle bloc-pg-contenu-button\">\n                    <span class=\"button-plus\">More information<\/span>\n                    <span class=\"button-moins is-hidden\">Less information<\/span>\n                <\/button>\n                <div class=\"bloc-pg-contenu-text-read\" style=\"display:none;\">\n                    <p>For this to work, clear rules are needed, in particular to know:<\/p>\n<ul>\n<li>how and between whom electricity can be shared;<\/li>\n<li>how the electricity distribution is calculated within a Sharing group;<\/li>\n<li>what are the obligations and rights of:\n<ul>\n<li>consumers ;<\/li>\n<li>operators of production plants;<\/li>\n<li>electricity distribution grid operators (hereinafter &#8220;grid operators&#8221;);<\/li>\n<li>energy communities.<\/li>\n<\/ul>\n<\/li>\n<\/ul>\n<p>All these rules, rights and obligations are set out in the Articles 8ter and 8quater of the Law (Loi du 9 juin 2023 modifiant la Loi du 1er ao\u00fbt 2007 relative \u00e0 l\u2019organisation du march\u00e9 de l\u2019\u00e9lectricit\u00e9).<\/p>\n<p>The Institut Luxembourgeois de R\u00e9gulation (ILR) has defined the framework within which the members of a Sharing group can share their electrical energy between themselves:<\/p>\n<ul>\n<li><a href=\"https:\/\/legilux.public.lu\/eli\/etat\/leg\/rilr\/2024\/02\/05\/a46\/jo\" target=\"_blank\" rel=\"noopener\">R\u00e8glement ILR\/E24\/1 du 05 f\u00e9vrier 2024<\/a> \u200barr\u00eatant le mod\u00e8le de r\u00e9partition statique et simple pour le partage de l\u2019\u00e9nergie \u00e9lectrique produite.<\/li>\n<li><a href=\"https:\/\/www.ilr.lu\/cadre-legal\/decision-ilr-e24-2-du-05-fevrier-2024-2\/\" target=\"_blank\" rel=\"noopener\">D\u00e9cision ILR\/E24\/2 du 05 f\u00e9vrier 2024<\/a> portant acceptation de la convention-type d\u2019autoconsommation pour les autoconsommateurs d\u2019\u00e9nergies renouvelables agissant de mani\u00e8re collective.<\/li>\n<li><a href=\"https:\/\/www.ilr.lu\/cadre-legal\/decision-ilr-e24-3-du-05-fevrier-2024-2\/\" target=\"_blank\" rel=\"noopener\">D\u00e9cision ILR\/E24\/3 du 05 f\u00e9vrier 2024<\/a> \u200bportant acceptation de la convention-type de partage d\u2019\u00e9lectricit\u00e9 pour une communaut\u00e9 \u00e9nerg\u00e9tique.<\/li>\n<\/ul>\n                                <\/div>        <\/div>  \n    <\/div>\n<\/section>","protected":false},"excerpt":{"rendered":"","protected":false},"author":1,"featured_media":0,"parent":0,"menu_order":9,"comment_status":"closed","ping_status":"closed","template":"","meta":{"_acf_changed":false,"footnotes":""},"class_list":["post-4233","page","type-page","status-publish","hentry"],"acf":[],"_links":{"self":[{"href":"https:\/\/www.weshareenergy.lu\/en\/wp-json\/wp\/v2\/pages\/4233","targetHints":{"allow":["GET"]}}],"collection":[{"href":"https:\/\/www.weshareenergy.lu\/en\/wp-json\/wp\/v2\/pages"}],"about":[{"href":"https:\/\/www.weshareenergy.lu\/en\/wp-json\/wp\/v2\/types\/page"}],"author":[{"embeddable":true,"href":"https:\/\/www.weshareenergy.lu\/en\/wp-json\/wp\/v2\/users\/1"}],"replies":[{"embeddable":true,"href":"https:\/\/www.weshareenergy.lu\/en\/wp-json\/wp\/v2\/comments?post=4233"}],"version-history":[{"count":3,"href":"https:\/\/www.weshareenergy.lu\/en\/wp-json\/wp\/v2\/pages\/4233\/revisions"}],"predecessor-version":[{"id":4943,"href":"https:\/\/www.weshareenergy.lu\/en\/wp-json\/wp\/v2\/pages\/4233\/revisions\/4943"}],"wp:attachment":[{"href":"https:\/\/www.weshareenergy.lu\/en\/wp-json\/wp\/v2\/media?parent=4233"}],"curies":[{"name":"wp","href":"https:\/\/api.w.org\/{rel}","templated":true}]}}

<section class="bloc-pg-contenu is-inset-top-60 is-inset-bottom-60 is-inset-top-12-mobile is-inset-bottom-24-mobile bloc-relative">
    <div class="row top-xs ">
        <div class="col-xs-10 col-xs-offset-1 col-md-offset-0   col-md-4  is-inset-bottom-24-mobile reveal reveal-visible-1">
            <div class="bloc-pg-contenu-visuel">
                                    <img decoding="async" src="https://www.weshareenergy.lu/wp-content/uploads/2023/08/graph-page-demarches-administratives-1.svg" alt="">
                                    </div>
                <div class="bg-grey-top"></div>
        </div>
        
        <div class="col-xs-12 col-md-8 zindex1 reveal reveal-visible-1 up">
                        <h1 class="bloc-pg-contenu-title">Legal basis</h1>            <p class="bloc-pg-contenu-sstitle">Anyone who has a solar installation on their roof can share their electricity with other people</p>   
                        <div class="bloc-pg-contenu-text"><p>With the entry into force of the Law <a href="https://legilux.public.lu/eli/etat/leg/loi/2023/06/09/a288/jo" target="_blank" rel="noopener">( Loi du 9 juin 2023 modifiant la Loi du 1er août 2007 relative à l’organisation du marché de l’électricité )</a>, owners of electricity production plants can now decide not to inject their excess electrical energy directly into the electricity distribution grid, but rather to enter a “Sharing group” and share their electricity with others, i.e. with immediate neighbours or with people who live further away.</p>
</div>                            <button class="box-toggle bloc-pg-contenu-button">
                    <span class="button-plus">More information</span>
                    <span class="button-moins is-hidden">Less information</span>
                </button>
                <div class="bloc-pg-contenu-text-read" style="display:none;">
                    <p>For this to work, clear rules are needed, in particular to know:</p>
<ul>
<li>how and between whom electricity can be shared;</li>
<li>how the electricity distribution is calculated within a Sharing group;</li>
<li>what are the obligations and rights of:
<ul>
<li>consumers ;</li>
<li>operators of production plants;</li>
<li>electricity distribution grid operators (hereinafter &#8220;grid operators&#8221;);</li>
<li>energy communities.</li>
</ul>
</li>
</ul>
<p>All these rules, rights and obligations are set out in the Articles 8ter and 8quater of the Law (Loi du 9 juin 2023 modifiant la Loi du 1er août 2007 relative à l’organisation du marché de l’électricité).</p>
<p>The Institut Luxembourgeois de Régulation (ILR) has defined the framework within which the members of a Sharing group can share their electrical energy between themselves:</p>
<ul>
<li><a href="https://legilux.public.lu/eli/etat/leg/rilr/2024/02/05/a46/jo" target="_blank" rel="noopener">Règlement ILR/E24/1 du 05 février 2024</a> ​arrêtant le modèle de répartition statique et simple pour le partage de l’énergie électrique produite.</li>
<li><a href="https://www.ilr.lu/cadre-legal/decision-ilr-e24-2-du-05-fevrier-2024-2/" target="_blank" rel="noopener">Décision ILR/E24/2 du 05 février 2024</a> portant acceptation de la convention-type d’autoconsommation pour les autoconsommateurs d’énergies renouvelables agissant de manière collective.</li>
<li><a href="https://www.ilr.lu/cadre-legal/decision-ilr-e24-3-du-05-fevrier-2024-2/" target="_blank" rel="noopener">Décision ILR/E24/3 du 05 février 2024</a> ​portant acceptation de la convention-type de partage d’électricité pour une communauté énergétique.</li>
</ul>
                                </div>        </div>  
    </div>
</section>
